common divisor of 1908 and 36.
36
What is the greatest common divisor of 188 and 12?
4
What is the greatest common divisor of 265 and 5?
5
What is the highest common factor of 20 and 3180?
20
What is the highest common factor of 27 and 243?
27
What is the greatest common factor of 25 and 280?
5
What is the greatest common divisor of 182 and 1781?
13
Calculate the greatest common factor of 3509 and 174.
29
What is the highest common divisor of 1701 and 63?
63
What is the greatest common factor of 77 and 49?
7
What is the greatest common factor of 20 and 60?
20
Calculate the highest common divisor of 20 and 290.
10
What is the greatest common divisor of 230 and 50?
10
Calculate the highest common divisor of 3310 and 10.
10
What is the highest common factor of 204 and 16?
4
What is the highest common factor of 219 and 9?
3
Calculate the greatest common factor of 174 and 290.
58
Calculate the highest common divisor of 1428 and 1938.
102
Calculate the greatest common factor of 158 and 2.
2
What is the highest common factor of 1045 and 55?
55
What is the highest common factor of 468 and 4797?
117
Calculate the highest common factor of 245 and 70.
35
Calculate the highest common factor of 169 and 26.
13
Calculate the greatest common divisor of 20079 and 414.
207
What is the greatest common factor of 411 and 3?
3
Calculate the highest common divisor of 31 and 1612.
31
What is the highest common factor of 976 and 366?
122
What is the highest common factor of 299 and 115?
23
What is the highest common divisor of 3337 and 213?
71
What is the highest common divisor of 30 and 255?
15
What is the highest common factor of 3496 and 552?
184
What is the greatest common divisor of 3890 and 10?
10
What is the greatest common factor of 78 and 1053?
39
Calculate the greatest common factor of 18 and 6759.
9
What is the greatest common divisor of 93 and 31?
31
What is the greatest common factor of 1474 and 268?
134
What is the highest common divisor of 11904 and 31?
31
Calculate the highest common divisor of 832 and 13.
13
Calculate the greatest common divisor of 6 and 8.
2
Calculate the greatest common divisor of 19 and 75145.
19
Calculate the highest common factor of 799 and 34.
17
Calculate the greatest common factor of 2580 and 84.
12
Calculate the greatest common factor of 63 and 333.
9
Calculate the greatest common divisor of 795 and 240.
15
Calculate the greatest common factor of 30 and 890.
10
Calculate the highest common divisor of 464 and 12.
4
Calculate the highest common divisor of 228 and 276.
12
Calculate the greatest common factor of 2499 and 168.
21
Calculate the greatest common factor of 14069 and 44.
11
Calculate the greatest common factor of 579 and 7913.
193
Calculate the highest common factor of 4930 and 58.
58
What is the highest common factor of 27 and 72?
9
What is the greatest common factor of 244 and 488?
244
Calculate the greatest common factor of 9322 and 118.
118
What is the highest common divisor of 14 and 4?
2
Calculate the greatest common factor of 295 and 25.
5
What is the greatest common divisor of 128 and 648?
8
What is the greatest common divisor of 168 and 756?
84
What is the greatest common divisor of 765 and 135?
45
What is the highest common divisor of 64 and 80?
16
What is the greatest common divisor of 84 and 2387?
7
Calculate the greatest common factor of 5 and 160.
5
What is the greatest common factor of 5930 and 10?
10
Calculate the greatest common divisor of 117 and 13.
13
Calculate the highest common divisor of 1116 and 24.
12
Calculate the highest common divisor of 2054 and 26.
26
What is the highest common factor of 177 and 2537?
59
Calculate the highest common divisor of 147 and 3276.
21
Calculate the highest common factor of 12 and 2.
2
Calculate the greatest common divisor of 43 and 559.
43
Calculate the greatest common factor of 2840 and 40.
40
Calculate the greatest common divisor of 56208 and 48.
48
Calculate the greatest common divisor of 606 and 24.
6
What is the highest common factor of 30 and 486?
6
Calculate the greatest common factor of 180 and 2880.
180
What is the highest common divisor of 48 and 912?
48
Calculate the greatest common factor of 170 and 4182.
34
What is the highest common divisor of 117 and 27?
9
Calculate the highest common divisor of 59 and 2.
1
What is the greatest common divisor of 570 and 1215?
15
Calculate the highest common divisor of 10 and 2810.
10
Calculate the greatest common divisor of 15 and 120.
15
What is the highest common factor of 48 and 224?
16
Calculate the greatest common divisor of 70 and 28.
14
Calculate the highest common divisor of 46 and 598.
46
Calculate the greatest common divisor of 209 and 513.
19
Calculate the highest common factor of 40 and 184.
8
Calculate the greatest common divisor of 3832 and 8.
8
What is the greatest common factor of 12 and 68?
4
What is the greatest common divisor of 218 and 94?
2
Calculate the greatest common divisor of 110 and 80.
10
What is the highest common factor of 67 and 7571?
67
Calculate the greatest common factor of 259 and 161.
7
What is the highest common divisor of 441 and 189?
63
Calculate the highest common factor of 60 and 13476.
12
What is the greatest common divisor of 865 and 10207?
173
What is the greatest common factor of 178 and 17533?
89
What is the highest common divisor of 8 and 56?
8
What is the greatest common factor of 238 and 56?
14
Calculate the highest common factor of 684 and 152.
76
What is the greatest common factor of 34 and 2?
2
Calculate the highest common factor of 2054 and 26.
26
Calculate the highest common divisor of 688 and 258.
86
Calculate the greatest common factor of 133 and 7.
7
What is the greatest common factor of 155 and 930?
155
Calculate the greatest common factor of 29 and 232.
29
What is the highest common divisor of 2296 and 56?
56
What is the highest common divisor of 847 and 22?
11
What is the greatest common factor of 194 and 14?
2
What is the highest common divisor of 38 and 950?
38
What is the highest common factor of 8 and 224?
8
What is the highest common divisor of 16 and 164?
4
What is the highest common divisor of 108 and 1026?
54
Calculate the highest common factor of 10 and 8.
2
Calculate the highest common divisor of 99432 and 18.
18
What is the highest common divisor of 946 and 172?
86
Calculate the greatest common divisor of 1917 and 355.
71
What is the highest common divisor of 48 and 370?
2
Calculate the greatest common divisor of 32 and 48.
16
Calculate the greatest common divisor of 1000 and 825.
25
Calculate the greatest common divisor of 10192 and 2288.
208
Calculate the highest common divisor of 357 and 21.
21
What is the highest common divisor of 71088 and 12?
12
Calculate the greatest common factor of 256 and 48.
16
Calculate the highest common factor of 105 and 30.
15
What is the highest common divisor of 750 and 90?
30
What is the highest common factor of 41 and 93521?
41
What is the highest common divisor of 28 and 84?
28
Calculate the highest common divisor of 95 and 2565.
95
What is the greatest common factor of 3 and 6?
3
What is the highest common divisor of 3033 and 36?
9
What is the highest common factor of 23 and 3?
1
What is the greatest common factor of 21 and 987?
21
What is the greatest common factor of 290 and 50?
10
What is the greatest common factor of 278 and 6?
2
Calculate the highest common factor of 110 and 4070.
110
Calculate the highest common factor of 1775 and 781.
71
What is the highest common divisor of 6 and 11?
1
What is the highest common divisor of 24 and 2238?
6
Calculate the highest common factor of 1534 and 26.
26
Calculate the greatest common divisor of 1 and 181.
1
Calculate the highest common factor of 7 and 19.
1
Calculate the highest common divisor of 217 and 28.
7
What is the highest common factor of 3565 and 30?
5
Calculate the highest common divisor of 24 and 2028.
12
Calculate the highest common factor of 5109 and 6681.
393
Calculate the greatest common divisor of 16 and 5224.
8
What is the highest common divisor of 6867 and 109?
109
Calculate the highest common factor of 341 and 496.
31
Calculate the highest common divisor of 65 and 169.
13
Calculate the highest common factor of 192 and 336.
48
What is the gr